 4*k = -0*k - 140. Suppose -5*m = -3*m - q + 59, -4*q - 52 = m. Let g = k - m. Give b(g).
-1
Let t(j) = 10 - 5*j + 14 - 46. Let v be t(-5). Let h(u) = -12 + u**2 + 0*u + v*u + 1 + 7. Give h(-4).
0
Let r(h) = -h**2 + 17242 - 8621 + 4*h - 2*h - 8620. Suppose 2*y - 5 = 1. Calculate r(y).
-2
Suppose -y - 8 = -4*y - 2*x, 12 = -y + 3*x. Let u(n) = -19*n - 5. Let g(j) = -35*j - 12. Let s(p) = 6*g(p) - 11*u(p). What is s(y)?
-17
Let b(m) = -11*m**2 - 7*m + 15. Let a(o) = 9*o**2 + 7*o - 14. Let n(i) = 7*a(i) + 6*b(i). Let d be n(1). Let y(j) = 7*j + 5. Give y(d).
-23
Let n(z) = 166*z**2 + 101*z + 14. Let d(t) = -31*t**2 - 20*t - 3. Let b(v) = 16*d(v) + 3*n(v). Calculate b(8).
-14
Let j(s) = s**3 + 8*s**2 - 8*s + 12. Let x be 1020/(-105) - 20/(-28). What is j(x)?
3
Let x = -10 - -4. Let u(r) = -24*r + 41. Let i(k) = 21*k - 34. Let c(b) = -6*i(b) - 5*u(b). Let s(g) = -5*g. Let l(o) = x*c(o) + 7*s(o). What is l(6)?
12
Let d(w) be the first derivative of -w**2/2 + 7*w + 54. Let l be d(-6). Let k(v) = -v**3 + 13*v**2 + 3*v - 17. Calculate k(l).
22
Let n be (8029/148 - 55) + (-6)/(-8). Let q(k) = 3*k**3 - 3*k**2 + 5*k - 16. Let j(u) = u**3 - u**2 + 2*u - 8. Let b(r) = -5*j(r) + 2*q(r). Calculate b(n).
8
Let i(b) be the second derivative of -b**4/6 + 3*b**3 - 15*b**2/2 - 2*b - 398. Determine i(7).
13
Let c(g) = -7*g - 98. Suppose 5*w - 10 - 15 = 0, 2*d + 6 = -4*w. Calculate c(d).
-7
Let q(a) = -29*a - 1256. Let y be q(-43). Let c(m) = -m**2 - 14*m - 36. Give c(y).
9
Let o(g) = 9*g - 2*g + 30*g + 461 + 25*g - 468. Calculate o(-1).
-69
Let i(h) = 4*h**2 - 2 + 1 + 8*h**2. Suppose -3781 = 205*g - 3576. What is i(g)?
11
Let d(n) = 3*n - 152. Let u(t) = 19*t - 1067. Let o(z) = 15*d(z) - 2*u(z). Give o(21).
1
Let l(t) = -5*t + 115 + 103 - t**3 + 8*t**2 - 226. What is l(2)?
6
Let t(o) = o**3 + 1 - 3 - 4*o**2 + 0*o + 5*o. Let a = 5420 + -5417. Give t(a).
4
Suppose -104 = 139*z + 174. Let c(b) = -13*b**2 + 3*b + 2. Give c(z).
-56
Let y(g) be the third derivative of -g**6/360 - 3*g**5/40 - 7*g**4/12 - 2*g**3/3 + 214*g**2. Let i(m) be the first derivative of y(m). Determine i(-7).
0
Let r(f) = -8*f - 2. Let z = 12 - 13. Let s be r(z). Let c(k) = 3*k + 8 - 2*k - s - 1. Calculate c(2).
3
Let a = 346 - 301. Let x(g) = -a - g**2 - g - 2*g + 45. Suppose -5*t + 6 = 5*i + 26, 0 = -5*i - 10. Calculate x(t).
2
Suppose -58 = -5*g + 87. Let f = -21 + g. Let q(j) = 3*j - 8. Give q(f).
16
Let w(b) = -10 + 5*b**3 + 16*b - 7*b**2 - 24*b - 4*b**3. Suppose 0 = -5*v + 5*h + 90, 5*v + 62 = -4*h + 179. Let u = v + -13. Give w(u).
-10
Let p(n) = 24*n - 127. Suppose -5983*d + 5979*d + 20 = 0. Determine p(d).
-7
Let b(i) = 25*i**3 + 4*i**2 + 8*i**2 - 12 - 3*i**2 - 26*i**3 - 2*i**2 - 7*i. Calculate b(6).
-18
Let f(o) = -113*o + 14. Let d(n) = -142*n + 15. Let z(r) = 4*d(r) - 5*f(r). Determine z(-5).
5
Let j(o) be the third derivative of 0*o - 2 + 1/3*o**3 + 3*o**2 + 1/30*o**5 - 1/2*o**4. Determine j(6).
2
Let l(i) be the third derivative of 1/24*i**4 + 0*i - 86*i**2 + 7/3*i**3 + 0. What is l(-7)?
7
Let w(j) = -408*j + 819*j - 409*j - 6. Let h be 188/48*2 - 1/(-6). Calculate w(h).
10
Let k(h) = -h**3 + 53*h**2 + 108*h + 103. Let y be k(55). Let f(c) = c**2 + 10*c + 14. Calculate f(y).
-7
Let d(v) be the first derivative of -5*v**2/2 + 17*v - 762. What is d(4)?
-3
Suppose -3*o = -8*o + 4*y + 69, -4*o = -3*y - 55. Let q(c) = -o + 0*c**2 + 6 + 12 - c**2 + 8*c. Determine q(5).
20
Let c = -137 + 168. Suppose -5*q + 5*b + c = 11, 0 = -2*b - 6. Let d(s) be the first derivative of 16*s**3/3 - s**2/2 + s - 1. Calculate d(q).
16
Let j = 1 + 1. Let s(w) be the third derivative of w**7/2520 - w**6/360 - 19*w**4/2 - 3*w**2 - 35. Let q(t) be the second derivative of s(t). What is q(j)?
0
Suppose 41 = -14*u + 69. Let g(o) = u + 82*o**2 + o**3 - o - 4 - 41*o**2 - 40*o**2. Calculate g(-2).
-4
Let m(t) = -t**2 + 3*t + 35. Let v be 0 + 5/(-2) - (-3)/36*-30. Determine m(v).
-5
Let k be (-3)/((-1)/(-2) - 1)*(-682)/(-4092). Let q(j) = j**2 + 3*j - 5. Determine q(k).
-1
Let f(v) be the second derivative of v**5/10 + v**4/6 - v**3/3 - 11*v - 23. Let c = -11 - -13. Suppose 2 = -c*l + l. Give f(l).
-4
Suppose 33*x - 41*x - 24 = 0. Let i(c) = -15*c**2 + 5*c + 7. Let w(f) = -4 + f**2 + 0*f**2 - 3*f + 7*f**2. Let q(r) = x*i(r) - 5*w(r). Give q(1).
4
Let r(o) be the third derivative of o**5/30 - 5*o**4/24 + o**3/6 + 2*o**2. Let w be ((-1)/4)/(5/100*-5). Let c be (-8)/(1/(-4 + w)*6). Calculate r(c).
13
Let g(c) = -c**2 - 7*c - 5. Let x(y) = y**2 - 8*y - 5. Let q be x(10). Suppose 19*a - q*a - 140 = 0. Suppose -2*s + 7*s = -a. Calculate g(s).
-5
Let h(s) = -s**2 - 3*s. Let u = 74 - 398. Let b = 321 + u. Determine h(b).
0
Let s be 3*13 + (-4 - (-4 + 2)). Let u = s + -34. Let x(l) = -l**u + 2*l**2 + l - 65 + 33 + 34. Determine x(3).
-4
Suppose 6*j - 15 = 9*j. Let g(x) = 8*x - 41. Let b(n) = -3*n + 18. Let k(w) = -5*b(w) - 2*g(w). Calculate k(j).
-3
Let a = 616 - 581. Suppose 28*m - 33*m + a = 0. Let s(h) = h**2 - 8*h + 6. Calculate s(m).
-1
Suppose -11*d - 15*d - 907 = 211. Let o(r) = r**3 + 42*r**2 - 43*r + 3. Determine o(d).
3
Let j(c) be the third derivative of c**6/120 + c**5/30 - c**3/6 + 28*c**2. Let m be 3/8*-2*-16. Let g be (-1 - -1) + m + -13. Calculate j(g).
0
Suppose 7 = -4*b + 11. Let j be (-2 + b)/((-35)/175). Let i(m) = m**3 - 6*m**2 + 3*m + 3. Determine i(j).
-7
Suppose 31 + 42 = 5*j + 2*g, -2*g = -8. Let p(d) be the second derivative of d**3/6 - 21*d**2/2 - 7*d. Give p(j).
-8
Let v = 260 + -257. Let b(h) = -23 - 2*h - 50*h**v - 15*h**2 + 3 + 49*h**3. Determine b(-15).
10
Let r(w) = -27*w**3 + 9*w**2 - 2*w + 3. Let s(j) = -11*j**3 + 4*j**2 - j + 2. Let b(h) = -2*r(h) + 5*s(h). Let m be (5/20)/(1/12). Calculate b(m).
-8
Let h(k) = k**3 + 7*k**2 - 9*k - 5. Let z(r) = -1. Let i(b) = -h(b) + 3*z(b). Let g = 201 - 181. Suppose 8*y - g*y = 96. Determine i(y).
-6
Let l(z) = -z**2 - 5*z - 1. Let d be l(-4). Let a be (4/(-4))/(3 - (0 - -4)). Let q(b) = b - 6*b - 2*b + 4*b + a - 4. Give q(d).
-12
Let d = 452 + -420. Let l(x) = d*x - 18*x - 6*x - 7*x - 8. Give l(6).
-2
Suppose -26*c + l = -23*c - 67, c - 14 = 2*l. Let v(o) = -o**2 + 20*o + 91. Determine v(c).
-5
Let l be (-10)/(-10)*(15 + 4). Let o(w) = -2*w**2 + 38*w + 13. Calculate o(l).
13
Let t(h) = -13*h - 30. Let b(n) = n**2 + 9*n + 5. Let a be b(-8). Let z be t(a). Let d(j) = j - 1. What is d(z)?
8
Let q(g) be the first derivative of 2*g**3/3 + 15*g**2/2 - 10284. Determine q(-3).
-27
Suppose 0 = m - 2*i - 11, -3*i = -3*m - 6*i + 15. Let d(n) = 63*n - 135*n + 63*n - m. Give d(-2).
11
Suppose 6*g - 2*h + 32 = 3*g, -5*h + 59 = -4*g. Let u(r) = r - 1. Give u(g).
-7
Let t(u) = -3*u - 9. Let d = 80 - 80. Suppose d = -4*z - 3*v - v + 8, -3*z - 4*v = -8. Suppose z = m - 10*m - 54. Determine t(m).
9
Let p(i) = 8*i + 2*i + 54 - 35*i**2 + 33*i**2 - 16. Determine p(-3).
-10
Let k(h) = h**3 - 6*h**2 + 7*h. Let r(c) = -c**3 + 2*c. Let l be r(2). Let x be (-2*(8 + l))/(-2). Calculate k(x).
-4
Let k(g) be the second derivative of -g**3/3 - 2*g**2 - 13*g - 4. Determine k(4).
-12
Let v(a) = 3*a**2 - 17*a - 194. Let w be v(11). Let x(n) = 3*n + 42. What is x(w)?
-12
Let k be (((-195)/21)/5)/((-4)/(-28)). Let j(p) = p**3 + 11*p**2 - 22*p + 50. Give j(k).
-2
Let m(h) = -7*h + 11. Let j(s) = -s**2 - 10*s - 2. Let u be j(0). Let f(v) = 18*v - 23. Let p(z) = u*f(z) - 5*m(z). What is p(-11)?
2
Let r(t) be the third derivative of 0 - 1/8*t**4 + 1/12*t**5 - 2/3*t**3 - 179*t**2 + 0*t - 1/120*t**6. Let q be -6*4/(-6) + 0. What is r(q)?
0
Let d(s) = s**3 - 15*s**2 + 13*s + 17. Let v be d(14). Suppose -v*l - 18 = 4*o + o, -5*o + 4*l = 46. Let u(i) = -i**3 - 5*i**2 + 4*i + 1. Calculate u(o).
13
Let q(u) = u**2 + u - 6. Let x be q(3). Let i(d) = -5 + 0 + 8 - 4 - d**2 - 8 + 8*d. Determine i(x).
3
Let q = -1760 - -1765. Let x(z) be the third derivative of z**6/120 - z**5/10 + z**4/12 + 2*z**3/3 + 15*z**2. Calculate x(q).
-11
Suppose x + 12 = -2*r + 3*r, r - 24 = 4*x. Suppose -5*n - 3 = -r. Let g(w) = w**3 + 2*w**2 - 2*w + 1. What is g(n)?
2
Suppose x - 4*c = -2*x - 22, -4*x - 19 = 5*c. Let l = x - -12. Let v(d) be the first derivative of -d**2 - d + 765. Give v(l).
-13
Let p(m) = m**3 + 4. Let t(q) = q**2 + 4*q - 21. Let x be (2/5)/(6/15). Suppose -s + v - 9 = 0, v + 6 - x = -s. Let g be t(s). Cal